172. Give a(-6).
134
Let f(a) = -12*a**2 + 375*a + 135. Give f(31).
228
Let k(q) = -q**3 + 41*q**2 + 280*q + 89. Calculate k(47).
-5
Let j(z) = -4*z**2 + 40*z + 224. Determine j(15).
-76
Let i(t) = t**2 + 1082*t - 2162. Calculate i(2).
6
Let i(u) = -u**3 - 11*u**2 + 82*u + 556. Give i(-13).
-172
Let z(k) = 79*k**2 - 80*k. Calculate z(1).
-1
Let i(c) = -2*c**3 - 31*c**2 - 67*c + 27. What is i(-12)?
-177
Let y(b) = 2*b**2 + 71*b - 1581. Determine y(-51).
0
Let k(x) = 174*x + 492. Determine k(-3).
-30
Let y(r) = r**3 - 7*r**2 + 7*r - 32. Give y(7).
17
Let l(a) = 213*a - 2578. Give l(12).
-22
Let q(x) = 3809*x - 7581. What is q(2)?
37
Let u(d) = -d**2 + 47*d - 88. Calculate u(44).
44
Let h(o) = 4*o**3 - 32*o**2 - 75*o - 38. Give h(10).
12
Let z(c) = -281*c - 563. What is z(-2)?
-1
Let x(h) = -3*h**2 - 33*h. Determine x(-10).
30
Let u(w) = 41*w - 829. What is u(20)?
-9
Let f(o) = -12447*o - 37348. Calculate f(-3).
-7
Let m(x) = -x**3 + 131*x**2 - 750*x + 62. What is m(125)?
62
Let a(t) = t**3 - 19*t**2 + 104*t - 147. What is a(10)?
-7
Let l(h) = 5*h**2 - 132*h - 75. Calculate l(30).
465
Let i(w) = -591*w - 6. Give i(0).
-6
Let g(r) = r**2 + 300*r + 22028. Give g(-171).
-31
Let i(t) = -48*t**3 + 5*t**2 + 6*t + 1. Calculate i(-1).
48
Let u(a) = -a**2 - 6*a + 850. Calculate u(-32).
18
Let c(o) = -7*o + 163. Determine c(21).
16
Let v(q) = 4*q**3 + 51*q**2 + 33*q - 7. Determine v(-13).
-605
Let v(a) = -1459*a + 21913. Determine v(15).
28
Let h(c) = c**3 + 165*c**2 + 40*c + 6603. Determine h(-165).
3
Let x(v) = -10*v + 10. Give x(-23).
240
Let d(l) = l**3 - 34*l**2 - 28*l - 218. What is d(35)?
27
Let p(a) = 11*a - 258. What is p(14)?
-104
Let i(y) = -66*y - 1112. What is i(-17)?
10
Let g(q) = -155*q - 2152. What is g(-14)?
18
Let q(u) = 3323*u**2 - 16620*u + 21. What is q(5)?
-4
Let q(x) = -51*x + 1550. Give q(33).
-133
Let b(c) = -51*c - 1965. What is b(-22)?
-843
Let o(a) = 703*a - 4210. Give o(6).
8
Let p(c) = -c**3 - 8*c**2 - 1161*c - 6908. Give p(-6).
-14
Let f(s) = -s**3 + 11*s**2 - 30*s + 44. What is f(8)?
-4
Let t(x) = -x**3 + 29*x**2 - 156*x + 39. Give t(22).
-5
Let t(k) = 425*k - 46747. Determine t(110).
3
Let z(k) = -k**3 - 16*k**2 - 136*k - 454. Calculate z(-6).
2
Let g(d) = d**3 - 84*d**2 - 135*d - 3205. Give g(86).
-23
Let r(x) = 2*x**2 + 36*x + 82. Determine r(-20).
162
Let k(b) = -b**2 - 73*b + 3114. What is k(-103)?
24
Let y(n) = 2*n**3 - 11*n**2 + 3*n + 28. What is y(4)?
-8
Let x(o) = 1912*o + 3832. What is x(-2)?
8
Let u(s) = s**3 - 23*s**2 + 62*s + 58. Give u(20).
98
Let n(i) = -i**3 - 9*i**2 + 26*i + 359. What is n(-9)?
125
Let u(v) = -2*v**2 - 19*v + 25. Calculate u(-11).
-8
Let k(l) = 6*l**3 - 43*l**2 + 30*l + 21. What is k(6)?
-51
Let z(w) = -2*w**3 - 17*w**2 - 40*w - 22. Give z(-7).
111
Let v(t) = 36*t - 26. Calculate v(-1).
-62
Let m(h) = -5*h + 217. What is m(-9)?
262
Let o(h) = 5*h**3 + 473*h**2 + 282*h + 74. Give o(-94).
74
Let l(f) = 10*f**2 + 295*f - 158. What is l(-30)?
-8
Let d(a) = 4*a**3 - 44*a**2 - 3*a + 23. Give d(11).
-10
Let u(t) = -5067*t - 30393. Determine u(-6).
9
Let h(y) = 6*y**3 + 109*y**2 + 44*y + 48. Give h(-18).
-420
Let f(h) = -84*h**3 + 2*h**2 - h. Give f(-1).
87
Let v(n) = -5*n**2 + 26*n - 30. What is v(2)?
2
Let k(z) = -z**3 - 12*z**2 - 45*z - 29. Calculate k(-12).
511
Let b(h) = 2*h**2 - 147*h + 2439. Determine b(46).
-91
Let v(t) = 119*t - 710. What is v(7)?
123
Let j(c) = 50*c + 147. Determine j(3).
297
Let f(t) = -24*t - 436. Give f(-15).
-76
Let q(f) = -f**3 + 17*f**2 + 31*f - 56. Determine q(17).
471
Let r(m) = -1634*m - 192817. Calculate r(-118).
-5
Let q(g) = -20*g**2 - 23*g + 37. Calculate q(2).
-89
Let f(y) = 552*y - 4460. Calculate f(8).
-44
Let c(m) = 9*m**2 + 3*m - 5. Give c(-3).
67
Let k(o) = 4*o**3 + 31*o**2 - 80*o - 450. Calculate k(-8).
126
Let t(a) = 12*a**2 - 605*a - 6421. Determine t(-9).
-4
Let a(h) = -h**2 - 27*h + 21. Determine a(-18).
183
Let u(y) = 17*y + 901. Calculate u(-56).
-51
Let u(h) = -h**2 + 33*h. What is u(31)?
62
Let q(w) = -w**3 - 6*w**2 + 11*w + 65. Determine q(-4).
-11
Let d(a) = 4*a + 78. Calculate d(13).
130
Let k(b) = -6*b**2 + 3*b - 10. Determine k(5).
-145
Let p(w) = -w**3 - 28*w**2 + 77*w + 420. Calculate p(-30).
-90
Let n(p) = 3*p**2 - 264*p + 5279. Determine n(31).
-22
Let c(d) = 4*d**2 - 13*d - 24. Calculate c(-5).
141
Let k(m) = 12*m**3 - 2*m**2 + 4*m - 7. What is k(2)?
89
Let k(w) = -2*w**3 + 6*w**2 + 125*w - 518. Determine k(5).
7
Let p(x) = 278*x + 1372. What is p(-5)?
-18
Let o(b) = 134*b + 671. What is o(-5)?
1
Let v(t) = -t**3 - 31*t**2 - 104*t + 149. What is v(-27)?
41
Let v(o) = 3*o + 75. What is v(-7)?
54
Let q(g) = g**2 - 24*g + 59. What is q(17)?
-60
Let w(z) = 8*z**2 + 53*z - 66. Determine w(-10).
204
Let a(f) = f**3 - 43*f**2 - f + 41. Give a(43).
-2
Let l(a) = 49*a - 708. Calculate l(13).
-71
Let y(u) = -u**3 - 13*u**2 + 51*u - 273. Give y(-17).
16
Let j(u) = 195*u - 201. Determine j(1).
-6
Let m(l) = 10*l + 423. Give m(-35).
73
Let z(j) = 235*j - 11750. Calculate z(50).
0
Let o(f) = 24*f**2 - 740*f - 117. What is o(31)?
7
Let p(x) = -x**3 + 14*x**2 + 16*x - 17. Give p(15).
-2
Let h(c) = -10*c + 108. Give h(-11).
218
Let v(t) = 23*t - 34. Give v(-7).
-195
Let k(b) = -b**3 - 51*b**2 + 108*b + 2928. Determine k(-52).
16
Let m(s) = -8*s**2 + 861*s + 333. What is m(108)?
9
Let s(p) = 4139*p - 8290. What is s(2)?
-12
Let h(n) = -30*n - 270. Calculate h(-9).
0
Let j(d) = 50*d + 455. Calculate j(17).
1305
Let p(a) = 17*a - 83. Give p(5).
2
Let o(j) = 2399*j - 12054. Calculate o(5).
-59
Let y(q) = -q**3 - 78*q**2 + 62*q - 1332. Determine y(-79).
11
Let i(p) = -2*p**2 - 317*p + 12874. Calculate i(-192).
10
Let p(w) = -1208*w - 41075. Give p(-34).
-3
Let m(o) = 587*o**2 - 12329*o + 45. Give m(21).
3
Let i(l) = -63*l**3 + l**2 + 5*l - 5. Determine i(1).
-62
Let v(i) = i**3 - 31*i**2 + 69*i + 104. Give v(29).
423
Let s(w) = 3867*w + 54140. What is s(-14)?
2
Let b(s) = 533*s + 2669. Give b(-5).
4
Let c(s) = 955*s - 10. Give c(0).
-10
Let z(s) = -s**3 - 41*s**2 + 134*s + 84. Determine z(-44).
-4
Let u(a) = 3*a**2 + 7*a - 5. What is u(-7)?
93
Let f(t) = -t**3 + 13*t**2 - 55*t + 54. What is f(8)?
-66
Let r(v) = -38*v**2 + 5*v - 20. What is r(3)?
-347
Let v(k) = k**3 - 66*k**2 - 55*k - 808. Determine v(67).
-4
Let s(g) = -2*g**2 - 105*g - 182. What is s(-51)?
-29
Let h(f) = f**3 + 6*f**2 + 19*f + 38. Give h(-5).
-32
Let m(n) = -293*n**2 + 577*n + 6. What is m(2)?
-12
Let t(o) = o**3 - 20*o**2 - 2*o + 393. What is t(5)?
8
Let z(g) = -g**3 + 33*g**2 + 21*g + 464. What is z(34)?
22
Let l(m) = m**3 - 10*m**2 + 10*m + 30. Give l(10).
130
Let c(g) = -g**3 - 47*g**2 + 122*g + 1176. Calculate c(-49).
0
Let a(m) = -8*m**3 - 200*m**2 - 3*m - 145. Calculate a(-25).
-70
Let o(p) = 4*p**2 - 17*p + 11. Calculate o(9).
182
Let d(t) = t**3 - 36*t**2 + 104*t - 10. What is d(33)?
155
Let a(w) = w**2 + 146*w + 2267. Calculate a(-18).
-37
Let p(j) = 2*j**3 + 6*j**2 + 5*j + 43. Give p(-4).
-9
Let c(o) = 2*o**2 - 18*o - 227. What is c(-7)?
-3
Let y(s) = 3*s + 57. Determine y(-10).
27
Let t(z) = -z**2 - 89*z - 816. What is t(-10)?
-26
Let a(g) = -g**3 - 29*g**2 - 198*g - 14. Determine a(-18).
-14
Let h(c) = 94*c + 1399. What is h(-15)?
-11
Let q(z) = -z**2 + 82*z - 1457. Calculate q(56).
-1
Let d(r) = 32*r - 495. Determine d(15).
-15
Let i(z) = 606*z - 1803. Determine i(3).
15
Let n(y) = -y**2 - 188*y - 2279. Determine n(-175).
-4
Let y(j) = -2*j**3 - 4*j**2 + 5*j - 9. Give y(-4).
35
Let y(q) = -q**2 - 105*q - 1119. Calculate y(-12).
-3
Let q(f) = -f**3 + 20*f**2 - 73*f - 175. Determine q(8).
9
Let m(h) = 2*h**2 + 36*h - 29. Determine m(-18).
-29
Let l(s) = 16*s - 612. Calculate l(39).
12
Let t(u) = -111*u + 544. Calculate t(3).
211
Let a(r) = 2*r**3 + 16*r**2 + 21*r - 21. What is a(-6)?
-3
Let g(t) = 2310*t - 64685. Determine g(28).
-5
Let q(f) = -391*f - 11730. Determine q(-30).
0
Let p(l) = -4*l + 115. Give p(27).
7
Let h(r) = 3*r**3 - 713*r**2 - 261*r + 5472. Determine h(238).
-2
Let j(n) = -3*n**2 + 1859*n + 30523. Give j(-16).
11
Let q(b) = -45*b**2 + 255*b + 112. Calculate q(6).
22
Let j(i) = 2*i**2 + 922*i - 3712. Calculate j(4).
8
Let f(z) = z**3 + 8*z**2 - 12*z + 28. What is f(-10)?
-52
Let p(b) = -8*b + 93. What is p(7)?
37
Let a(y) = y**2 - 16*y + 22. Give a(19).
